-- https://www.phpmyadmin.net/
--

START TRANSACTION;



-- --------------------------------------------------------

--
-- Table structure for table `api_operators`
--

CREATE TABLE `api_operators` (
  `id` int(11) NOT NULL,
  `api_id` int(11) DEFAULT NULL,
  `api_name` varchar(255) DEFAULT NULL,
  `operator_id` int(11) DEFAULT NULL,
  `api_operator_id` varchar(100) DEFAULT NULL,
  `api_operator_name` varchar(255) DEFAULT NULL,
  `is_active` int(11) DEFAULT 0
) ENGINE=InnoDB DEFAULT CHARSET=utf8mb4 COLLATE=utf8mb4_general_ci;

--
-- Dumping data for table `api_operators`
--

INSERT INTO `api_operators` (`id`, `api_id`, `api_name`, `operator_id`, `api_operator_id`, `api_operator_name`, `is_active`) VALUES
(1, 1, 'Flowzy App', 1, 'AT', 'Airtel', 1),
(2, 1, 'Flowzy App', 2, 'JIO', 'Jio', 1),
(3, 1, 'Flowzy App', 3, 'VI', 'VI', 1),
(4, 1, 'Flowzy App', 4, 'BT', 'BSNL Topup', 1),
(5, 1, 'Flowzy App', 5, 'BSP', 'BSNL Special', 1),
(6, 1, 'Flowzy App', 6, 'ATDTH', 'Airtel DTH', 1),
(7, 1, 'Flowzy App', 7, 'DISHTV', 'Dish TV', 1),
(8, 1, 'Flowzy App', 8, 'SUNDTH', 'Sun Direct', 1),
(9, 1, 'Flowzy App', 9, 'TATASKY', 'Tata Sky', 1),
(10, 1, 'Flowzy App', 10, 'VDDTH', 'Videocon', 1),
(11, 1, 'Flowzy App', 11, 'GPS', 'Google Play', 1),
(23, 3, 'SafiyaPay', 1, '1', 'Airtel', 1),
(24, 3, 'SafiyaPay', 2, '2', 'Jio', 1),
(25, 3, 'SafiyaPay', 3, '3', 'VI', 1),
(26, 3, 'SafiyaPay', 4, '4', 'BSNL Topup', 1),
(27, 3, 'SafiyaPay', 5, '5', 'BSNL Special', 1),
(28, 3, 'SafiyaPay', 6, '6', 'Airtel DTH', 1),
(29, 3, 'SafiyaPay', 7, '7', 'Dish TV', 1),
(30, 3, 'SafiyaPay', 8, '8', 'Sun Direct', 1),
(31, 3, 'SafiyaPay', 9, '9', 'Tata Sky', 1),
(32, 3, 'SafiyaPay', 10, '10', 'Videocon', 1),
(33, 3, 'SafiyaPay', 11, '13', 'Google Play', 1),
(34, 4, 'Pos Mitra', 1, '2', 'Airtel', 1),
(35, 4, 'Pos Mitra', 2, '116', 'Jio', 1),
(36, 4, 'Pos Mitra', 3, '1', 'VI', 1),
(37, 4, 'Pos Mitra', 4, '4', 'BSNL Topup', 1),
(38, 4, 'Pos Mitra', 5, '5', 'BSNL Special', 1),
(39, 4, 'Pos Mitra', 6, '51', 'Airtel DTH', 1),
(40, 4, 'Pos Mitra', 7, '53', 'Dish TV', 1),
(41, 4, 'Pos Mitra', 8, '54', 'Sun Direct', 1),
(42, 4, 'Pos Mitra', 9, '55', 'Tata Sky', 1),
(43, 4, 'Pos Mitra', 10, '56', 'Videocon', 1),
(44, 4, 'Pos Mitra', 11, '7501', 'Google Play', 1);

-- --------------------------------------------------------

--
-- Table structure for table `bankdetails`
--

CREATE TABLE `bankdetails` (
  `id` bigint(20) NOT NULL,
  `site_id` bigint(20) NOT NULL,
  `user_id` bigint(20) NOT NULL,
  `username` varchar(255) NOT NULL,
  `bankname` varchar(255) NOT NULL,
  `accountname` varchar(255) NOT NULL,
  `accountnumber` varchar(255) NOT NULL,
  `ifsccode` varchar(255) NOT NULL,
  `remark` text NOT NULL
) ENGINE=InnoDB DEFAULT CHARSET=utf8mb4 COLLATE=utf8mb4_general_ci;

-- --------------------------------------------------------

--
-- Table structure for table `complaints`
--

CREATE TABLE `complaints` (
  `complaint_id` bigint(20) NOT NULL,
  `site_id` bigint(20) NOT NULL,
  `user_id` bigint(20) NOT NULL,
  `username` varchar(255) NOT NULL,
  `complaint_type` varchar(255) NOT NULL,
  `message` text NOT NULL,
  `remark` text NOT NULL,
  `date_time` datetime DEFAULT current_timestamp(),
  `status` enum('Open','Close','') DEFAULT 'Open'
) ENGINE=InnoDB DEFAULT CHARSET=utf8mb4 COLLATE=utf8mb4_general_ci;

-- --------------------------------------------------------

--
-- Table structure for table `importantlink`
--

CREATE TABLE `importantlink` (
  `id` bigint(20) NOT NULL,
  `site_id` bigint(20) NOT NULL,
  `user_id` bigint(20) NOT NULL,
  `name` text NOT NULL,
  `url` longtext NOT NULL
) ENGINE=InnoDB DEFAULT CHARSET=utf8mb4 COLLATE=utf8mb4_general_ci;

-- --------------------------------------------------------

--
-- Table structure for table `marginslab`
--

CREATE TABLE `marginslab` (
  `plan_id` bigint(20) NOT NULL,
  `site_id` bigint(20) NOT NULL,
  `user_id` bigint(20) NOT NULL,
  `plan_name` varchar(255) NOT NULL,
  `username` bigint(20) NOT NULL,
  `airtel` varchar(100) NOT NULL DEFAULT '1',
  `jio` varchar(100) NOT NULL DEFAULT '1',
  `vi` varchar(100) NOT NULL DEFAULT '1',
  `bsnl_topup` varchar(100) NOT NULL DEFAULT '1',
  `bsnl_special` varchar(100) NOT NULL DEFAULT '1',
  `google_play` varchar(100) NOT NULL DEFAULT '0',
  `airtel_dth` varchar(100) NOT NULL DEFAULT '1',
  `dish_tv` varchar(100) NOT NULL DEFAULT '1',
  `sun_direct` varchar(100) NOT NULL DEFAULT '1',
  `tata_sky` varchar(100) NOT NULL DEFAULT '1',
  `videocon` varchar(100) NOT NULL DEFAULT '1',
  `p_uti` varchar(100) NOT NULL DEFAULT '107',
  `e_uti` varchar(100) NOT NULL DEFAULT '72',
  `p_nsdl` varchar(100) NOT NULL DEFAULT '107',
  `e_nsdl` varchar(100) NOT NULL DEFAULT '72',
  `revamp_uti` varchar(50) NOT NULL DEFAULT '107',
  `pan_find` varchar(100) NOT NULL DEFAULT '100',
  `status` enum('Active','InActive','') NOT NULL DEFAULT 'InActive'
) ENGINE=InnoDB DEFAULT CHARSET=utf8mb4 COLLATE=utf8mb4_general_ci;

--
-- Dumping data for table `marginslab`
--

INSERT INTO `marginslab` (`plan_id`, `site_id`, `user_id`, `plan_name`, `username`, `airtel`, `jio`, `vi`, `bsnl_topup`, `bsnl_special`, `google_play`, `airtel_dth`, `dish_tv`, `sun_direct`, `tata_sky`, `videocon`, `p_uti`, `e_uti`, `p_nsdl`, `e_nsdl`, `revamp_uti`, `pan_find`, `status`) VALUES
(1, 1, 1, 'Default', 9933882289, '2.0', '2.0', '3.0', '3.0', '3.0', '1.0', '3.0', '3.0', '3.0', '2.50', '3.0', '102', '67', '107', '72', '107', '50', 'Active'),
(2, 1, 1, 'Admin', 9933882289, '3.3', '3.3', '4', '5', '5', '2', '4.3', '4.3', '3.8', '3.8', '4.3', '95.50', '63', '95.50', '63', '107', '10', 'Active'),
(7, 1, 1, 'Retailer', 9933882289, '2.8', '2.8', '2.8', '2.8', '3', '1', '3', '3', '3', '3', '3', '96', '65', '96', '65', '107', '17', 'Active'),
(8, 1, 1, 'Distributor', 9933882289, '2.9', '2.9', '2.9', '2.9', '2.9', '1', '3', '3', '3', '3', '3', '96', '65', '96', '65', '107', '17', 'Active'),
(10, 1, 1, 'Master Distributor	', 9933882289, '3', '3', '3', '3', '3', '1', '3', '3', '3', '3', '3', '96', '65', '96', '65', '107', '17', 'Active'),
(11, 1, 1, 'White Label', 9933882289, '3', '3', '3', '3', '3', '1.5', '3.5', '3.5', '3', '3', '3.5', '96', '65', '96', '65', '107', '16', 'Active');

-- --------------------------------------------------------

--
-- Table structure for table `operators`
--

CREATE TABLE `operators` (
  `operator_id` int(11) NOT NULL,
  `api_name` varchar(100) DEFAULT NULL,
  `api_id_one` int(11) DEFAULT NULL,
  `api_id_two` int(11) DEFAULT NULL,
  `api_id_three` int(11) DEFAULT NULL,
  `api_operator_id` varchar(100) NOT NULL,
  `plan_operator_id` varchar(100) DEFAULT NULL,
  `operator_code` varchar(100) NOT NULL,
  `operator_name` varchar(100) NOT NULL,
  `operator_type` enum('MOBILE','DTH','ELECTRICITY','') DEFAULT NULL,
  `status` int(11) NOT NULL DEFAULT 0
) ENGINE=InnoDB DEFAULT CHARSET=utf8mb4 COLLATE=utf8mb4_general_ci;

--
-- Dumping data for table `operators`
--

INSERT INTO `operators` (`operator_id`, `api_name`, `api_id_one`, `api_id_two`, `api_id_three`, `api_operator_id`, `plan_operator_id`, `operator_code`, `operator_name`, `operator_type`, `status`) VALUES
(1, 'Pos Mitra', 4, 1, 6, 'AT', '2', 'airtel', 'Airtel', 'MOBILE', 1),
(2, 'Pos Mitra', 4, 1, 0, 'JIO', '11', 'jio', 'Jio', 'MOBILE', 1),
(3, 'Mitra', 1, 4, 0, 'VI', '23', 'vi', 'VI', 'MOBILE', 1),
(4, NULL, 1, 4, 0, 'BT', '4', 'bsnl_topup', 'BSNL Topup', 'MOBILE', 1),
(5, 'Flowzy', 1, 4, 0, 'BSP', '4', 'bsnl_special', 'BSNL Special', 'MOBILE', 1),
(6, 'Flowzy', 1, 4, 0, 'ATDTH', '24', 'airtel_dth', 'Airtel DTH', 'DTH', 1),
(7, 'Flowzy', 1, 4, 0, 'DISHTV', '25', 'dish_tv', 'Dish TV', 'DTH', 1),
(8, 'Flowzy', 1, 4, 0, 'SUNDTH', '27', 'sun_direct', 'Sun Direct', 'DTH', 1),
(9, 'Flowzy', 1, 4, 0, 'TATASKY', '28', 'tata_sky', 'Tata Sky', 'DTH', 1),
(10, 'Flowzy', 1, 4, 0, 'VDDTH', '29', 'videocon', 'Videocon', 'DTH', 1),
(11, 'Flowzy', 1, 1, 0, 'GPS', '0', 'google_play', 'Google Play', 'MOBILE', 1);

-- --------------------------------------------------------

--
-- Table structure for table `reports`
--

CREATE TABLE `reports` (
  `id` bigint(20) NOT NULL,
  `site_id` bigint(20) NOT NULL,
  `user_id` bigint(20) NOT NULL,
  `username` varchar(255) NOT NULL,
  `parent_id` bigint(20) NOT NULL,
  `order_id` varchar(255) NOT NULL,
  `service` enum('WALLET','UTIITSL','NSDL','RECHARGE','PANFIND') NOT NULL,
  `type` enum('Credit','Debit','') NOT NULL,
  `account_number` varchar(255) NOT NULL,
  `operator` varchar(255) NOT NULL,
  `name` varchar(255) DEFAULT NULL,
  `app_type` enum('49A','CSF','MOBILE','DTH','PANFIND','') DEFAULT NULL,
  `amount` varchar(255) NOT NULL,
  `main_amount` varchar(255) NOT NULL,
  `old_balance` varchar(255) NOT NULL,
  `new_balance` varchar(255) NOT NULL,
  `txn_id` varchar(255) NOT NULL,
  `ref_id` varchar(255) NOT NULL,
  `description` text NOT NULL,
  `date_time` datetime NOT NULL DEFAULT current_timestamp(),
  `dispute` enum('No','Yes','Resolved','Rejected','') NOT NULL DEFAULT 'No',
  `dispute_auto` enum('Yes','No','') DEFAULT NULL,
  `dispute_id` varchar(100) DEFAULT NULL,
  `api_name` varchar(255) DEFAULT NULL,
  `api_id` bigint(20) DEFAULT NULL,
  `api_request` longtext DEFAULT NULL,
  `recharge_method` enum('GET','POST','BODY','') DEFAULT 'GET',
  `recharge_parameter` longtext DEFAULT NULL,
  `api_response` longtext DEFAULT NULL,
  `status` enum('Success','Failed','Refund','Reversal','Pending','Process','') NOT NULL DEFAULT 'Process'
) ENGINE=InnoDB DEFAULT CHARSET=utf8mb4 COLLATE=utf8mb4_general_ci;

--
-- Dumping data for table `reports`
--

INSERT INTO `reports` (`id`, `site_id`, `user_id`, `username`, `parent_id`, `order_id`, `service`, `type`, `account_number`, `operator`, `name`, `app_type`, `amount`, `main_amount`, `old_balance`, `new_balance`, `txn_id`, `ref_id`, `description`, `date_time`, `dispute`, `dispute_auto`, `dispute_id`, `api_name`, `api_id`, `api_request`, `recharge_method`, `recharge_parameter`, `api_response`, `status`) VALUES
(50133, 1, 3225, '7667717905', 1, '24062419034952476068', 'WALLET', 'Credit', '7667717905', 'UPIGateway', NULL, NULL, '500', '500', '0', '0', '24062419034952476068', '', 'Rs.500 Has Been Received Into Wallet By UPI Gateway for Wallet', '2024-06-24 19:03:49', 'No', NULL, NULL, NULL, NULL, NULL, 'GET', NULL, NULL, 'Process'),
(50134, 1, 1, '9035285143', 1, '24062419175807591504', 'WALLET', 'Debit', '7667717905', 'WalletTransfer', NULL, NULL, '50000', '50000', '127093.35', '77093.35', '24062419175807591504', '24062419174624355571', 'Rs.50000 Has Been Debit and Transfer To 7667717905 for Wallet', '2024-06-24 19:17:58', 'No', NULL, NULL, NULL, NULL, NULL, 'GET', NULL, NULL, 'Success'),
(50135, 1, 3225, '7667717905', 1, '24062419175828214709', 'WALLET', 'Credit', '9035285143', 'WalletReceived', NULL, NULL, '50000', '50000', '127093.35', '50000', '24062419175807591504', '24062419174624355571', 'Rs.50000 Has Been Received Into Wallet By 9035285143 for Wallet', '2024-06-24 19:17:58', 'No', NULL, NULL, NULL, NULL, NULL, 'GET', NULL, NULL, 'Success'),
(50136, 1, 3225, '7667717905', 1, '24062421555308314058', 'NSDL', 'Debit', '7667717905', 'E', 'Md tarique  Reeds Gagsg', '49A', '65', '0', '50000', '50000', '24062421555308314058', 'Invalid Server Request IP', 'Rs.65 Has Been Refunded Into Wallet for Failed 49A PAN Application Md tarique  Reeds Gagsg', '2024-06-24 21:55:53', 'No', NULL, NULL, NULL, NULL, NULL, 'GET', NULL, '{\"status\":false,\"message\":\"Invalid Server Request IP\"}', 'Refund'),
(50137, 1, 3225, '7667717905', 1, '24062421562030960245', 'NSDL', 'Debit', '7667717905', 'E', 'Md tarique  Reeds Gagsg', '49A', '65', '0', '50000', '50000', '24062421562030960245', 'Invalid Server Request IP', 'Rs.65 Has Been Refunded Into Wallet for Failed 49A PAN Application Md tarique  Reeds Gagsg', '2024-06-24 21:56:20', 'No', NULL, NULL, NULL, NULL, NULL, 'GET', NULL, '{\"status\":false,\"message\":\"Invalid Server Request IP\"}', 'Refund');

-- --------------------------------------------------------

--
-- Table structure for table `sitedata`
--

CREATE TABLE `sitedata` (
  `site_id` bigint(20) NOT NULL,
  `user_id` bigint(20) NOT NULL,
  `username` varchar(255) NOT NULL,
  `protocol` enum('http://','https://','') NOT NULL DEFAULT 'http://',
  `baseurl` text NOT NULL,
  `brand` varchar(255) DEFAULT NULL,
  `title` text DEFAULT NULL,
  `logo` longtext DEFAULT NULL,
  `mobile` varchar(255) DEFAULT NULL,
  `email` varchar(255) DEFAULT NULL,
  `address` longtext DEFAULT NULL,
  `popup_active` enum('ON','OFF','') DEFAULT 'OFF',
  `popupalert` longtext DEFAULT NULL,
  `noticealert` longtext DEFAULT NULL,
  `self_script` longtext DEFAULT NULL,
  `apis` longtext DEFAULT NULL,
  `smtp` text DEFAULT NULL,
  `smsapi` text DEFAULT NULL,
  `paymentapi` longtext DEFAULT NULL,
  `uti_charge` varchar(255) DEFAULT '99',
  `nsdl_charge` varchar(255) DEFAULT '99',
  `recharge_charge` varchar(255) DEFAULT '99',
  `distributor_charge` varchar(255) DEFAULT '499',
  `master_charge` varchar(255) DEFAULT '999',
  `retailer_slab` int(11) DEFAULT 1,
  `distributor_slab` int(11) DEFAULT 1,
  `master_slab` int(11) DEFAULT 1,
  `status` int(11) DEFAULT 0
) ENGINE=InnoDB DEFAULT CHARSET=utf8mb4 COLLATE=utf8mb4_general_ci;

--
-- Dumping data for table `sitedata`
--

INSERT INTO `sitedata` (`site_id`, `user_id`, `username`, `protocol`, `baseurl`, `brand`, `title`, `logo`, `mobile`, `email`, `address`, `popup_active`, `popupalert`, `noticealert`, `self_script`, `apis`, `smtp`, `smsapi`, `paymentapi`, `uti_charge`, `nsdl_charge`, `recharge_charge`, `distributor_charge`, `master_charge`, `retailer_slab`, `distributor_slab`, `master_slab`, `status`) VALUES
(1, 1, '9035285143', 'https://', 'md.vrdigital.site', 'Demo', 'Demo', 'data:image/png;base64,[BLOB]', '9035285143', 'Care@mitra.com', 'Karnataka', 'ON', '<h2 style=\"text-align: center; \"><b><font color=\"#00ff00\" style=\"background-color: rgb(0, 0, 0);\">सभी सेवाएं सही से काम कर रही हैं </font></b></h2><h2 style=\"text-align: center; \"><font style=\"background-color: rgb(0, 0, 0);\" color=\"#00ff00\">All services are working properly</font><font color=\"#ff0000\" style=\"background-color: rgb(0, 0, 0);\"> <br></font></h2>', '<font face=\"Tahoma\"><h6 style=\"\"><b style=\"\"><font style=\"background-color: rgb(255, 255, 255);\" color=\"#0000ff\">UTIITSL eKYC PAN !! NSDL Paperless PAN !! PAN FIND !! Mobile & DTH Recharge !!</font></b></h6><div style=\"\"><span style=\"font-weight: bolder;\"><font color=\"#085294\" style=\"color: rgb(54, 54, 66);\">Customer Care Team:-</font><font color=\"#ff0000\" style=\"color: rgb(54, 54, 66);\"> </font></span><font style=\"\"><b style=\"\"><font color=\"#0000ff\">01169296655</font></b><b> !!</b></font></div></font><div style=\"\"><font face=\"Tahoma\"><font style=\"\"><b><br></b></font><b style=\"color: rgb(255, 0, 0); font-size: 1rem;\">कृपया ध्यान दें कि अगर आप नए यूजर हैं तो पैन कार्ड बनाते समय आपको अपनी दुकान का बेसिक डिटेल भर कर एनएसडीएल में रजिस्ट्रेशन कराना होगा अगर पहले से रजिस्टर करना है तो लॉगिन कर सकते हैं धन्यवाद.....</b></font><font color=\"#0000ff\"><b>(Please note that if you are a new user, then at the time of making PAN card, you will have to register in NSDL by filling the basic details of your shop. If you want to register already, then you can login. Thank you.)</b></font><font face=\"Tahoma\"><span style=\"font-weight: bolder;\"><font color=\"#ff0000\" style=\"\"><br></font></span></font></div>', '<script type=\"text/javascript\">\r\n    (function () {\r\n        var options = {\r\n            whatsapp: \"919035285143\", // WhatsApp number\r\n            call_to_action: \"Message us\", // Call to action\r\n            position: \"right\", // Position may be \'right\' or \'left\'\r\n        };\r\n        var proto = document.location.protocol, host = \"getbutton.io\", url = proto + \"//static.\" + host;\r\n        var s = document.createElement(\'script\'); s.type = \'text/javascript\'; s.async = true; s.src = url + \'/widget-send-button/js/init.js\';\r\n        s.onload = function () { WhWidgetSendButton.init(host, proto, options); };\r\n        var x = document.getElementsByTagName(\'script\')[0]; x.parentNode.insertBefore(s, x);\r\n    })();\r\n</script>\r\n', '{\"recharge_token\":\"99999\",\"recharge_apikey\":\"Cg31giDo6oh5AU9oVQhfKjbriMc79p\",\"panapi_apikey\":\"e022d0-c91dca-6a4dcf-679647-577fd9\",\"panapi_token\":\"QVQxNjk5NjE4MjE0MzAwOTQ0NzU1\",\"panapi_secret\":\"XWxf73BbYzFFaSPpMyyyPQKfi\",\"panapi_pin\":\"123456\",\"panfind_apikey\":\"6f288c-13fd52-f8df41-69e7a0-97c6d6\",\"planapi_username\":\"5127\",\"planapi_password\":\"343813\"}', '{\"username\":\"noreply@gmail.com\",\"password\":\"vgpszrhzsrbsbxmk\",\"sender\":\"Fast 2 Pan\",\"host\":\"smtp.gmail.com\",\"port\":\"465\",\"protocol\":\"ssl\"}', '{\"url\":\"http:\\/\\/wa.menualseva.online\\/send-message?api_key=GoDxJR4ZGxwwM8LD1zdxO0VkCmbtCr&sender=918103445874&number=91{NUMBER}&message={MSG}\"}', '{\"upigateway_token\":\"62a442af-1c83-4afd-a609-459bcfe607bd\"}', '99', '99', '0', '499', '999', 7, 8, 10, 1);

--
-- Indexes for table `api_operators`
--
ALTER TABLE `api_operators`
  ADD PRIMARY KEY (`id`);

--
-- Indexes for table `bankdetails`
--
ALTER TABLE `bankdetails`
  ADD PRIMARY KEY (`id`);

--
-- Indexes for table `complaints`
--
ALTER TABLE `complaints`
  ADD PRIMARY KEY (`complaint_id`);

--
-- Indexes for table `importantlink`
--
ALTER TABLE `importantlink`
  ADD PRIMARY KEY (`id`);

--
-- Indexes for table `marginslab`
--
ALTER TABLE `marginslab`
  ADD PRIMARY KEY (`plan_id`);

--
-- Indexes for table `operators`
--
ALTER TABLE `operators`
  ADD PRIMARY KEY (`operator_id`);

--
-- Indexes for table `reports`
--
ALTER TABLE `reports`
  ADD PRIMARY KEY (`id`),
  ADD UNIQUE KEY `order_id` (`order_id`);

--
-- Indexes for table `sitedata`
--
ALTER TABLE `sitedata`
  ADD PRIMARY KEY (`site_id`);

--
-- AUTO_INCREMENT for table `api_operators`
--
ALTER TABLE `api_operators`
  MODIFY `id` int(11) NOT NULL AUTO_INCREMENT, AUTO_INCREMENT=78;

--
-- AUTO_INCREMENT for table `bankdetails`
--
ALTER TABLE `bankdetails`
  MODIFY `id` bigint(20) NOT NULL AUTO_INCREMENT, AUTO_INCREMENT=14;

--
-- AUTO_INCREMENT for table `complaints`
--
ALTER TABLE `complaints`
  MODIFY `complaint_id` bigint(20) NOT NULL AUTO_INCREMENT, AUTO_INCREMENT=140;

--
-- AUTO_INCREMENT for table `importantlink`
--
ALTER TABLE `importantlink`
  MODIFY `id` bigint(20) NOT NULL AUTO_INCREMENT, AUTO_INCREMENT=28;

--
-- AUTO_INCREMENT for table `marginslab`
--
ALTER TABLE `marginslab`
  MODIFY `plan_id` bigint(20) NOT NULL AUTO_INCREMENT, AUTO_INCREMENT=287;

--
-- AUTO_INCREMENT for table `operators`
--
ALTER TABLE `operators`
  MODIFY `operator_id` int(11) NOT NULL AUTO_INCREMENT, AUTO_INCREMENT=13;

--
-- AUTO_INCREMENT for table `reports`
--
ALTER TABLE `reports`
  MODIFY `id` bigint(20) NOT NULL AUTO_INCREMENT, AUTO_INCREMENT=50138;

--
-- AUTO_INCREMENT for table `sitedata`
--
ALTER TABLE `sitedata`
  MODIFY `site_id` bigint(20) NOT NULL AUTO_INCREMENT, AUTO_INCREMENT=26;
COMMIT;

